rue
Is 1014443 composite?
True
Is 11542319 composite?
True
Is 11864371 a composite number?
False
Is 206689 a composite number?
True
Is 1308647 a prime number?
True
Is 86986183 prime?
False
Is 37513969 a composite number?
False
Is 4333733 composite?
False
Is 4581859 a composite number?
False
Is 90527027 prime?
True
Is 5858371 composite?
False
Is 51379061 prime?
True
Is 120652399 a composite number?
True
Is 8967239 composite?
True
Is 10702147 a composite number?
False
Is 6825571 a prime number?
False
Is 538457 composite?
False
Is 4299241 composite?
False
Is 5677541 a composite number?
True
Is 4970071 a prime number?
False
Is 2375557 a composite number?
False
Is 18870853 a prime number?
True
Is 3459065 prime?
False
Is 725992219 composite?
True
Is 180123935 composite?
True
Is 6582727 composite?
False
Is 38933051 composite?
True
Is 10498979 prime?
False
Is 13523753 a prime number?
True
Is 5424371 a composite number?
False
Is 127453 composite?
False
Is 1215826691 composite?
True
Is 2542913 a prime number?
True
Is 202847 composite?
True
Is 3316433 a composite number?
True
Is 4630435 a composite number?
True
Is 3666809 a composite number?
False
Is 125243863 a composite number?
False
Is 75118451 composite?
False
Is 1330001 a prime number?
True
Is 2348161 prime?
True
Is 5119733 composite?
False
Is 4069327 prime?
True
Is 84703427 composite?
False
Is 2291593 prime?
False
Is 120521 a composite number?
True
Is 3174527 composite?
True
Is 455479781 composite?
False
Is 6925777 a prime number?
True
Is 2910681179 prime?
False
Is 78156479 composite?
True
Is 105275507 a composite number?
True
Is 83719427 a composite number?
True
Is 351944959 prime?
True
Is 369547 a prime number?
False
Is 14089943 a prime number?
False
Is 3777649 a prime number?
False
Is 30477089 prime?
True
Is 910573 prime?
False
Is 608875283 a prime number?
True
Is 7333195 a prime number?
False
Is 36321581 prime?
False
Is 3408917 a composite number?
False
Is 131178673 a composite number?
False
Is 49710187 a composite number?
False
Is 335081323 a prime number?
False
Is 135949261 a composite number?
True
Is 210973439 prime?
False
Is 138969865 a composite number?
True
Is 175391 a composite number?
False
Is 126215767 prime?
True
Is 308826179 a composite number?
False
Is 8469883 composite?
True
Is 268459 composite?
False
Is 85919921 prime?
False
Is 2555771 a composite number?
True
Is 16455367 a prime number?
True
Is 331589519 composite?
True
Is 22515271 a composite number?
True
Is 642149 a composite number?
False
Is 86569739 composite?
False
Is 123497227 a prime number?
False
Is 7381483 prime?
True
Is 3781901 composite?
False
Is 11167529 prime?
False
Is 580795 composite?
True
Is 81288301 a composite number?
False
Is 5476607 composite?
False
Is 46820773 prime?
True
Is 228253283 composite?
False
Is 5076317 a composite number?
True
Is 66720782 prime?
False
Is 4520251 prime?
False
Is 1322687 a prime number?
False
Is 44629477 a prime number?
True
Is 165995773 prime?
False
Is 34962091 prime?
True
Is 6132713 a composite number?
True
Is 6173203 a composite number?
True
Is 2955097 composite?
False
Is 15460337 a composite number?
True
Is 13133013 composite?
True
Is 1184383 a composite number?
True
Is 659653 prime?
True
Is 29751061 composite?
False
Is 128641739 a composite number?
False
Is 177260503 a composite number?
True
Is 14038341 a prime number?
False
Is 5449141 a composite number?
True
Is 23035301 a composite number?
False
Is 114787789 a composite number?
False
Is 2425567 prime?
True
Is 223847131 composite?
False
Is 25392959 composite?
False
Is 177970109 prime?
False
Is 363321539 prime?
False
Is 15519241 a composite number?
False
Is 7188941 a prime number?
False
Is 6915287 a composite number?
True
Is 4165279 prime?
False
Is 22587907 a composite number?
True
Is 4123237 a prime number?
False
Is 26666247 prime?
False
Is 304243 composite?
True
Is 625949 a prime number?
False
Is 973159 composite?
True
Is 16445357 a composite number?
True
Is 58180033 a prime number?
False
Is 939330983 a composite number?
False
Is 16146785 composite?
True
Is 38418826 composite?
True
Is 2676077 prime?
True
Is 186295898 prime?
False
Is 8426737 prime?
False
Is 18655019 prime?
True
Is 124604383 composite?
False
Is 5142257 composite?
False
Is 10579669 a composite number?
True
Is 188664529 a composite number?
False
Is 621082519 prime?
False
Is 1692757 a composite number?
True
Is 11446333 a prime number?
False
Is 328249271 a composite number?
True
Is 106509617 a composite number?
True
Is 4608613 prime?
True
Is 10056889 composite?
False
Is 4860309 a prime number?
False
Is 112630261 a composite number?
False
Is 392591 a composite number?
True
Is 196507231 composite?
True
Is 65381197 a prime number?
False
Is 710749297 a composite number?
False
Is 8822311 a composite number?
True
Is 2059319309 composite?
False
Is 11296913 a prime number?
True
Is 3516479 prime?
False
Is 1565363 a composite number?
True
Is 10224697 a prime number?
False
Is 210821 a prime number?
False
Is 9740041 a prime number?
False
Is 307936637 prime?
True
Is 3460213 a prime number?
True
Is 38858759 a prime number?
False
Is 2138291 a composite number?
False
Is 173541001 a prime number?
False
Is 19361563 a composite number?
True
Is 11953177 composite?
False
Is 36284791 prime?
True
Is 19486409 a prime number?
False
Is 2388223 a prime number?
True
Is 7578407 a prime number?
True
Is 391182697 prime?
False
Is 132974333 a composite number?
False
Is 1584287 prime?
False
Is 10051445 a composite number?
True
Is 7293641 composite?
False
Is 17634871 composite?
True
Is 21561697 composite?
False
Is 1001651 a composite number?
True
Is 82525411 prime?
True
Is 138584311 composite?
False
Is 194051699 a composite number?
False
Is 134845537 prime?
False
Is 445567 composite?
False
Is 19575979 a prime number?
True
Is 138710809 composite?
False
Is 1881151 composite?
False
Is 53323447 composite?
False
Is 8057909 composite?
True
Is 68315803 a composite number?
True
Is 336169 prime?
False
Is 402553 a prime number?
False
Is 21414697 prime?
True
Is 25277339 composite?
False
Is 131609 a prime number?
False
Is 2672443 prime?
True
Is 31741327 prime?
True
Is 49704859 prime?
True
Is 57141787 a prime number?
False
Is 14807113 composite?
False
Is 34097918 a prime number?
False
Is 65581669 composite?
False
Is 1702279 composite?
True
Is 82522877 a composite number?
True
Is 15088259 a prime number?
False
Is 57645139 a prime number?
False
Is 347443 composite?
False
Is 12443363 a composite number?
False
Is 203002331 a composite number?
True
Is 418246 prime?
False
Is 218484791 prime?
False
Is 657649 prime?
True
Is 52852619 a prime number?
True
Is 95271529 prime?
False
Is 42388831 composite?
True
Is 31435051 prime?
False
Is 77340827 a prime number?
True
Is 10154939 a prime number?
True
Is 6002419 a composite number?
True
Is 37568099 prime?
True
Is 1143193 a composite number?
False
Is 20441357 a prime number?
False
Is 965227 prime?
True
Is 801677 a composite number?
False
Is 56239387 a composite number?
False
Is 4839283 a composite number?
False
Is 402022 a composite number?
True
Is 511961 a prime number?
True
Is 84555071 composite?
True
Is 159446779 prime?
True
Is 10941227 prime?
False
Is 34044657 prime?
False
Is 613043 composite?
True
Is 537373 a composite number?
False
Is 3281855 a prime number?
False
Is 1247063 a prime number?
True
Is 66457277 composite?
False
Is 8506963 a composite number?
False
Is 1471778203 composite?
True
Is 12339731 a composite number?
False
Is 49902763 a composite number?
False
Is 2073041 prime?
True
Is 394107563 composite?
False
Is 46895699 a prime number?
True
Is 155176447 prime?
True
Is 1157147 a composite number?
True
Is 20293067 prime?
True
Is 691361 a prime number?
False
Is 1841815181 prime?
True
Is 3282635 a composite number?
True
Is 14557163 composite?
False
Is 444583673 a composite number?
False
Is 39329482 a composite number?
True
Is 2794655 a prime number?
False
Is 162225073 a composite number?
False
Is 232034873 prime?
False
Is 311202851 prime?
False
Is 152338819 composite?
True
Is 4139297 composite?
False
Is 1146139 composite?
True
Is 44680003 a prime number?
True
Is 73076711 composite?
False
Is 80321509 a prime number?
True
Is 1526222 composite?
True
Is 1740581 prime?
